{"id":88,"date":"2019-01-24T14:27:27","date_gmt":"2019-01-24T13:27:27","guid":{"rendered":"http:\/\/canalj.be\/?page_id=88"},"modified":"2025-12-16T11:45:23","modified_gmt":"2025-12-16T10:45:23","slug":"accueil","status":"publish","type":"page","link":"https:\/\/canalj.be\/","title":{"rendered":"Service d&rsquo;\u00e9coute et d&rsquo;aide aux jeunes"},"content":{"rendered":"<p><strong>Bienvenue !<\/strong><\/p>\n<p>Canal J est un service d\u2019Action en Milieu Ouvert (AMO). Nous avons pour mission d\u2019accompagner, d\u2019\u00e9couter, d\u2019orienter, de soutenir les jeunes de 0 \u00e0 22 ans et\/ou leur famille dans les domaines suivants : familial, \u00e9ducatif, social, administratif&#8230; <br \/>Plus d&rsquo;infos sur la page <a href=\"http:\/\/canalj.be\/index.php\/aide-individuelle\/\">accompagnement individuel<\/a>.<\/p>\n<p>D\u00e9couvrir l&rsquo;AMO en 1min30 :<\/p>\n<div style=\"width: 688px;\" class=\"wp-video\"><!--[if lt IE 9]><script>document.createElement('video');<\/script><![endif]-->\n<video class=\"wp-video-shortcode\" id=\"video-88-1\" width=\"688\" height=\"387\" preload=\"metadata\" controls=\"controls\"><source type=\"video\/mp4\" src=\"http:\/\/canalj.be\/wp-content\/uploads\/2024\/01\/drawlq.mp4?_=1\" \/><a href=\"http:\/\/canalj.be\/wp-content\/uploads\/2024\/01\/drawlq.mp4\">http:\/\/canalj.be\/wp-content\/uploads\/2024\/01\/drawlq.mp4<\/a><\/video><\/div>\n<p>\u00a0<\/p>\n<p>Nos locaux :<\/p>\n\n\n<figure class=\"is-layout-flex wp-block-gallery-1 wp-block-gallery has-nested-images columns-6 is-cropped\">\n<figure class=\"wp-block-image\"><img decoding=\"async\" loading=\"lazy\" width=\"340\" height=\"250\" data-id=\"190\"  src=\"http:\/\/canalj.be\/wp-content\/uploads\/2019\/01\/01.png\" alt=\"\" class=\"wp-image-190\" srcset=\"https:\/\/canalj.be\/wp-content\/uploads\/2019\/01\/01.png 340w, https:\/\/canalj.be\/wp-content\/uploads\/2019\/01\/01-300x221.png 300w\" sizes=\"(max-width: 340px) 100vw, 340px\" \/><\/figure>\n\n\n\n<figure class=\"wp-block-image\"><img decoding=\"async\" loading=\"lazy\" width=\"340\" height=\"250\" data-id=\"182\"  src=\"http:\/\/canalj.be\/wp-content\/uploads\/2019\/01\/02.png\" alt=\"\" class=\"wp-image-182\" srcset=\"https:\/\/canalj.be\/wp-content\/uploads\/2019\/01\/02.png 340w, https:\/\/canalj.be\/wp-content\/uploads\/2019\/01\/02-300x221.png 300w\" sizes=\"(max-width: 340px) 100vw, 340px\" \/><\/figure>\n\n\n\n<figure class=\"wp-block-image\"><img decoding=\"async\" loading=\"lazy\" width=\"364\" height=\"270\" data-id=\"183\"  src=\"http:\/\/canalj.be\/wp-content\/uploads\/2019\/01\/03.png\" alt=\"\" class=\"wp-image-183\" srcset=\"https:\/\/canalj.be\/wp-content\/uploads\/2019\/01\/03.png 364w, https:\/\/canalj.be\/wp-content\/uploads\/2019\/01\/03-300x223.png 300w\" sizes=\"(max-width: 364px) 100vw, 364px\" \/><\/figure>\n\n\n\n<figure class=\"wp-block-image\"><img decoding=\"async\" loading=\"lazy\" width=\"346\" height=\"256\" data-id=\"184\"  src=\"http:\/\/canalj.be\/wp-content\/uploads\/2019\/01\/04.png\" alt=\"\" class=\"wp-image-184\" srcset=\"https:\/\/canalj.be\/wp-content\/uploads\/2019\/01\/04.png 346w, https:\/\/canalj.be\/wp-content\/uploads\/2019\/01\/04-300x222.png 300w\" sizes=\"(max-width: 346px) 100vw, 346px\" \/><\/figure>\n\n\n\n<figure class=\"wp-block-image\"><img decoding=\"async\" loading=\"lazy\" width=\"316\" height=\"240\" data-id=\"185\"  src=\"http:\/\/canalj.be\/wp-content\/uploads\/2019\/01\/05.png\" alt=\"\" class=\"wp-image-185\" srcset=\"https:\/\/canalj.be\/wp-content\/uploads\/2019\/01\/05.png 316w, https:\/\/canalj.be\/wp-content\/uploads\/2019\/01\/05-300x228.png 300w\" sizes=\"(max-width: 316px) 100vw, 316px\" \/><\/figure>\n<\/figure>\n\n\n<p><!--StartFragment--><\/p>\n\n\n<p>Nous sommes situ\u00e9s pr\u00e8s de la Place Reine Astrid, au centre ville de Tournai. Pour nous rencontrer, vous pouvez venir aux heures de permanences (sans rendez-vous &#8211; il n&rsquo;y a en g\u00e9n\u00e9ral pas de temps d&rsquo;attente).<br><br>Canal J &#8211; 4 rue d&rsquo;Espinoy, 7500 Tournai<br>069\/84 26 44 ou 0477\/88 06 41<br><a href=\"mailto:info@canalj.be\">info@canalj.be<\/a><\/p>\n\n\n\n<p><strong>Nos\u00a0permanences\u00a0:<\/strong><br>Mardi : 15h &#8211; 18h<br>Mercredi : 13h &#8211; 18h <br>Jeudi : 9h30-12h30<br><strong>Durant les vacances scolaires, les permanences se font le mardi de 14h \u00e0 17h et le jeudi de 9h30 \u00e0 12h30.<\/strong><br><br><strong>Les samedis :<\/strong><br>17 janvier de 9h \u00e0 12h<br>14 f\u00e9vrier de 9h \u00e0 12h<br>14 mars de 9h \u00e0 12h<br>4 avril de 9h \u00e0 12h<br>18 avril de 10h \u00e0 13h<br>23 mai de 9h \u00e0 12h<br>27 juin de 9h \u00e0 12h<br>19 septembre de 10h \u00e0 13h<br>3 octobre de 9h \u00e0 12h<br>7 novembre de 10h \u00e0 13h<br>5 d\u00e9cembre de 9h \u00e0 12h<br>12 d\u00e9cembre de 9h \u00e0 12h<\/p>\n\n\n\n<p>N\u2019h\u00e9sitez pas \u00e0 nous laisser un message avec vos coordonn\u00e9es et nous vous recontacterons d\u00e8s que possible. Vous pouvez nous joindre du lundi au vendredi de 9h \u00e0 17h (sauf le mardi matin) au 069\/84.26.44 ou sur le GSM au 0477\/88.06.41<\/p>\n\n\n\n<p><\/p>\n\n\n\n<figure class=\"wp-block-image\"><a href=\"https:\/\/www.facebook.com\/CanaljAMO\" target=\"_blank\" rel=\"noreferrer noopener\"><img decoding=\"async\" loading=\"lazy\" width=\"100\" height=\"100\" src=\"http:\/\/canalj.be\/wp-content\/uploads\/2019\/01\/facebook-icon-preview-1-7.png\" alt=\"\" class=\"wp-image-271\"\/><\/a><\/figure>\n\n\n\n<figure class=\"wp-block-image\"><a href=\"https:\/\/www.google.com\/maps\/place\/Canal+J+AMO\/@50.6036972,3.3877634,17z\/data=!3m1!4b1!4m5!3m4!1s0x47c2de31dda48357:0xfe76b6dc27d852c1!8m2!3d50.603401!4d3.390451\" target=\"_blank\" rel=\"noreferrer noopener\"><img decoding=\"async\" loading=\"lazy\" width=\"100\" height=\"100\" src=\"http:\/\/canalj.be\/wp-content\/uploads\/2019\/01\/1200px-GoogleMaps.svg_-7.png\" alt=\"\" class=\"wp-image-272\"\/><\/a><\/figure>\n\n\n\n<figure class=\"wp-block-image\"><a href=\"http:\/\/www.federation-wallonie-bruxelles.be\/\" target=\"_blank\" rel=\"noreferrer noopener\"><img decoding=\"async\" loading=\"lazy\" width=\"100\" height=\"96\" src=\"http:\/\/canalj.be\/wp-content\/uploads\/2019\/01\/FWB_QUADRI_VERTI2-6.jpg\" alt=\"\" class=\"wp-image-273\"\/><\/a><\/figure>\n\n\n\n<p>Service agr\u00e9\u00e9 et subsidi\u00e9 par la F\u00e9d\u00e9ration Wallonie-Bruxelles<\/p>\n","protected":false},"excerpt":{"rendered":"<p>Bienvenue ! Canal J est un service d\u2019Action en Milieu Ouvert (AMO). Nous avons pour mission d\u2019accompagner, d\u2019\u00e9couter, d\u2019orienter, de&hellip;<\/p>\n","protected":false},"author":1,"featured_media":0,"parent":0,"menu_order":0,"comment_status":"closed","ping_status":"closed","template":"","meta":[],"_links":{"self":[{"href":"https:\/\/canalj.be\/index.php\/wp-json\/wp\/v2\/pages\/88"}],"collection":[{"href":"https:\/\/canalj.be\/index.php\/wp-json\/wp\/v2\/pages"}],"about":[{"href":"https:\/\/canalj.be\/index.php\/wp-json\/wp\/v2\/types\/page"}],"author":[{"embeddable":true,"href":"https:\/\/canalj.be\/index.php\/wp-json\/wp\/v2\/users\/1"}],"replies":[{"embeddable":true,"href":"https:\/\/canalj.be\/index.php\/wp-json\/wp\/v2\/comments?post=88"}],"version-history":[{"count":185,"href":"https:\/\/canalj.be\/index.php\/wp-json\/wp\/v2\/pages\/88\/revisions"}],"predecessor-version":[{"id":868,"href":"https:\/\/canalj.be\/index.php\/wp-json\/wp\/v2\/pages\/88\/revisions\/868"}],"wp:attachment":[{"href":"https:\/\/canalj.be\/index.php\/wp-json\/wp\/v2\/media?parent=88"}],"curies":[{"name":"wp","href":"https:\/\/api.w.org\/{rel}","templated":true}]}}